1
Let l(t) be the second derivative of t**5/20 + t**4/3 - 7*t**3/6 - t. Let h = -23 + 28. Suppose -2*x + 3*a - 1 = 0, -h*a = -5*x - 2*a - 16. Give l(x).
10
Let g(j) = 6*j - 3. Let q = -1 - -1. Suppose -5*a - 5*o - 10 = q, 3*o = -2*a - 3*a. Suppose t + k = -1, 5*k + a = -t - 10. Give g(t).
9
Let m(q) = -2*q**3 - q**2. Let p be ((-6)/(-5))/((-2)/(-5)). Suppose 0 = -4*j + p*j + 4*w - 5, -2*j + 3*w - 5 = 0. Calculate m(j).
1
Let v = 5 - -1. Let n(o) = -o**2 + 7*o - 6. Determine n(v).
0
Suppose 10 = -x + 3*x. Let b be (1/3)/((-3)/(-18)). Let c(l) = 3*l - l**b - 3 + x + 3. Give c(5).
-5
Let u(k) = k**3 + 6*k**2 - 7*k - 1. Let m be u(-7). Let y be 0/(m - -2 - -1). Let r be ((y/3)/(-3))/2. Let w(j) = -j + 1. Give w(r).
1
Let i(k) = 57*k**2 - 115*k**2 + 59*k**2 + 12 + 10*k. Determine i(-9).
3
Let f(y) = 2*y**3 + 2*y**2 - y + 2. Let g be 35*((0 - -1) + -3). Let j be (g/8)/(-5)*-4. Let s be (-2)/7 - (-12)/j. Give f(s).
-4
Let d(g) = g**3 + 6*g**2 - g - 4. Suppose 0 = -35*k + 42*k + 42. Give d(k).
2
Suppose -2*b + b + 11 = 0. Let m(q) = b*q + 25 - 25. Suppose 5*i = -3*v + 7, -v + 3 + 1 = 0. Calculate m(i).
-11
Let u(a) be the second derivative of -a**6/120 - a**5/20 + a**4/24 - a**3/6 - 5*a**2/2 - 3*a. Let y(m) be the first derivative of u(m). Give y(-3).
-4
Let k be (-26)/9 + -6 + (-106)/(-18). Let n(b) = b**3 + 2*b + 0*b**2 + 6*b**2 + 3 - 3*b**2. What is n(k)?
-3
Let k(o) be the first derivative of o**4 + 2*o**3/3 - o + 12. Let r(z) = -z + 3. Let b be r(4). What is k(b)?
-3
Suppose -4*s - 44 = -n + s, -5*s = 5*n - 70. Let o = n - 22. Let p(x) = x**2 + x + 3. Give p(o).
9
Let s(p) = p**2 - 6*p + 3. Suppose -t - 3 = -2*v, 0*v + 5*v = -5*t + 15. Determine s(v).
-5
Let y(a) = a - 2. Suppose -2*z = z - 3*b - 9, 2*z + 5*b + 15 = 0. Let d(x) = 0 - 3*x + z + 4*x. Let w(v) = -d(v) - y(v). Give w(2).
-2
Let p be (-3 - -3)/(1 + -4 + 1). Let l(m) be the first derivative of -6*m - 1/2*m**2 - 1 + 1/4*m**4 - 1/3*m**3. What is l(p)?
-6
Suppose -2*i + 5 = 5. Let p(b) be the third derivative of -1/2*b**3 + 1/60*b**5 + 0*b**4 - 4*b**2 + i*b + 0 + 1/120*b**6. Calculate p(0).
-3
Suppose 6*c = -3*b + 3*c - 18, -3*b = 4*c + 18. Let l(n) = n**2 + 7*n - 1. What is l(b)?
-7
Suppose -32 = -5*b + 28. Let z = b + -11. Let i(d) = d**2 - 2*d + 1. Determine i(z).
0
Let b be 2/(-7) + (-60)/(-14). Let x(m) = 13*m + 4. Let h be 8/(-6) - (-2)/(-3). Let l(c) = -3*c - 1. Let u(g) = h*x(g) - 9*l(g). Give u(b).
5
Let s(g) = g + 7. Let l be s(-5). Let b = l - 7. Let a(n) = -n**2 + n. Let d(z) = z**3 + 4*z**2 + z + 2. Let j(y) = a(y) - d(y). Give j(b).
-2
Let i(w) = 0 - w + 1 + 6 + 0. Give i(6).
1
Let a(b) = -b**2 + 28*b + 31*b - 81*b - 6 + 25*b. Determine a(4).
-10
Let j(n) = 6*n + 8. Suppose -5*g = -3*u + 4 - 2, 2*g = u - 2. Determine j(u).
-28
Let x be 3/((1 + 0)/10). Suppose -8*h = -3*h - x. Let g(s) = -s**2 - 4*s + h - 6. Give g(-4).
0
Let g(j) = 4 - 1 - 9 + 10 - 4*j. What is g(6)?
-20
Let a(w) = -w**2 + 7*w - 10. Let s be a(9). Let q be (35/s)/(1/4). Let l(o) = 2*o**2 + 6*o - 6. Calculate l(q).
14
Let j = -4 - -2. Let f be 235/45 - j/(-9). Let s(x) = -x**3 + 4*x**2 + 5*x. What is s(f)?
0
Suppose -4 = -4*g - 2*z, -g - 5*z + 10 = 2*g. Let d(t) = t**2 + t - 5. Calculate d(g).
-5
Let q(m) be the second derivative of -m**6/120 - m**4/12 + m**3/6 - 2*m**2 - 2*m. Let s(h) be the first derivative of q(h). Determine s(1).
-2
Let o(v) = -v**3 + 2*v**2 + 4*v - 2. Let h be o(3). Let x(n) = -5*n. Give x(h).
-5
Let l(g) = -g**2 + 5*g + 1. Suppose -w + 4 = 1. Let s be (-2)/(-2)*10/5. Let c = s + w. Give l(c).
1
Let f be (7 + -8)/(-1*2/20). Let t(l) = l - 2. Calculate t(f).
8
Let x = -1 + 11. Let p be ((-4)/10)/((-2)/x). Let g(o) = o**2 - o + 2. Calculate g(p).
4
Let m(o) = -o**3 - 2*o**2 + 2*o - 2. Let l be m(-3). Let p(v) = -1 + 0 + l + 2 - 2*v. Calculate p(5).
-8
Let q(t) = -3*t + 1. Let i(n) = -n. Let u(g) = 7*i(g) - 2*q(g). What is u(-4)?
2
Suppose 0 = -2*h + 6*h + 3*k, k = h. Let i be 1 - 3/3*-2. Let a(n) = -1 - 2*n + i*n - 6. What is a(h)?
-7
Let o(n) = 2 + 1 - 4 - 4 - 3*n. Let c(f) be the second derivative of -5*f**3/6 - 9*f**2/2 + 2*f. Let i(w) = 6*c(w) - 11*o(w). Determine i(-3).
-8
Let v = 555 + -33299/60. Let a(k) be the third derivative of 1/12*k**4 + 0*k + 0*k**3 + v*k**5 + 0 + 3*k**2. What is a(-3)?
3
Let a(u) = -u + 1. Suppose 4 = 2*q - 4*j, -21 - 1 = 5*q - 2*j. Determine a(q).
7
Suppose -4*h + 12 + 4 = 0. Let c be 0/2*(h - 3). Let m(f) = -f**3 + c*f**2 + f**2 + 0*f - f - 8. Calculate m(0).
-8
Suppose 3*l + l + 26 = -2*f, 4*l = f - 11. Let r(p) = -3 + 3 + 2*p + 1. Calculate r(l).
-7
Let b(m) be the second derivative of 3*m**5/20 - m**2/2 + 4*m. Calculate b(-1).
-4
Let n(o) = o**3 + 4*o**2 + 5. Let t(i) = 17*i - 20. Let h(j) = 4*j - 5. Let w(k) = -26*h(k) + 6*t(k). Let m be w(7). Give n(m).
5
Let o(u) = -u**2 + 4*u + 3. Suppose -6 = -5*w + 4*w. Determine o(w).
-9
Let j(f) = -4*f**2 - 4*f - 4. Let x(a) = a - 1. Let p be x(3). Let h(z) = z**2 + z + 1. Let b(g) = p*j(g) + 9*h(g). Calculate b(-1).
1
Let v(w) = -8*w + 2*w + 1 - w + 0. Let o(t) = t**3 - 4*t**2 - 6*t + 4. Let c be o(5). Give v(c).
8
Let j(d) = -6*d**3 - 2*d**2 + d + 4. Let o(w) be the third derivative of w**6/120 - w**3/6 + 5*w**2. Let y(u) = j(u) + 5*o(u). Give y(2).
-15
Let z(c) = 2*c - 5. Let s be z(5). Let i = -21 - -23. Let b(h) = 6 + 3*h**i - 2*h**2 - 6*h - 2 + 1. Give b(s).
0
Let v(f) = 5*f + 7 - 4*f + 4*f - f**2. What is v(8)?
-17
Let x(l) = -l**2 + l + 5. Let c be (2 - (28/(-12) + 4))*12. Give x(c).
-7
Suppose l = 4*l. Suppose 4*i + 4 = -l*i. Let r(a) = 4*a - 1. What is r(i)?
-5
Let q be (6/9)/((-4)/(-6)). Let m(d) = -10*d**3 + d**2 - 1. Determine m(q).
-10
Let l(s) = 8*s**3 + s**2 + 2*s + 1. Suppose -5*c + 4 = -9*c. Give l(c).
-8
Let v(c) = -5*c + 21. Let z be v(5). Let k(p) be the third derivative of -p**6/120 - p**5/15 + p**4/12 - p**3/3 + 3*p**2. Determine k(z).
-10
Suppose 5*d = 2*d. Let b(k) = -24*k**3 - 2*k + k + 5 + 23*k**3. Determine b(d).
5
Let r(a) = -a**2 + 3*a + 4. Suppose 3*l - 27 = -4*b + b, l + 5*b = 29. Determine r(l).
0
Let k(z) = z**3 + 5*z**2 + 5*z - 4. Let g be 13 + -11 + 3 + -1. Let p be 12/8 + (-22)/g. Give k(p).
-8
Let p(w) be the second derivative of w**6/360 + w**4/24 + 3*w**3/2 - 8*w. Let t(b) be the second derivative of p(b). Give t(2).
5
Let o = 0 + -1. Let f(s) = 2*s**3 - 3*s**2 + 3*s + 3. Let y(j) = 2*j**3 - 2*j**2 + 2*j + 2. Let d(c) = -3*f(c) + 4*y(c). Calculate d(o).
-1
Suppose -3 = -2*o + 3. Let c(j) = -5*j - j**o + 2*j**3 - 1 - 2*j**2 + 3*j**2 - 4*j**2. Suppose 0 = 4*l + 16, -l = 2*g - 0*l - 4. Determine c(g).
-5
Suppose 2*p = -o + 3, 16 = -4*p + 8*p. Let l be -1*(-2 + 1) - -1. Let r(v) = v - l + 0 + 5. What is r(o)?
-2
Let p(x) be the first derivative of x**3/3 + 3*x**2 + 4*x + 6. What is p(-4)?
-4
Let i(d) = -2*d**3 + 4651 + 4*d**3 + 4*d**3 - d - 4650. Give i(1).
6
Let t be (0 + 8)*9/(-4). Let m be (-2)/(-12) + 111/t. Let l(s) = -s**2 - 5*s + 1. Let v be l(m). Let h(y) = -y**2 - 5*y + 4. Calculate h(v).
4
Let i(j) be the second derivative of j**3/6 + 8*j. What is i(3)?
3
Let b(o) = o**3 - o**2 + 2*o - 2. Suppose 4*p - p = 9. Let y(c) = c**2 - 4*c + 3. Let q be y(p). Suppose -8 = -q*f - 4*f. What is b(f)?
6
Suppose 3*n + 0*n = 0. Let f(a) = 2 - 1 + n. Let k(u) = 2*u + 3. Let o(j) = 4*f(j) - k(j). Calculate o(3).
-5
Suppose 3*v + 0*v - 3 = 0. Let r(x) be the third derivative of x**5/40 + x**4/24 - 2*x**3/3 + 5*x**2. Let l(d) be the first derivative of r(d). Give l(v).
4
Let c(s) = s - 9. Let l be c(9). Let m = 6 + l. Let h(k) = -4 + m - 9*k - 2. Determine h(-1).
9
Suppose -7*u - 75 = -2*u. Let t = -13 - u. Let k(r) = r**2 + 2. Calculate k(t).
6
Let z(g) = -g**2 - 2*g - 4. Let p(a) = a. Let r(o) = -6*p(o) + z(o). Determine r(-3).
11
Let w(a) be the first derivative of -a**7/840 + a**6/180 + a**5/120 - a**4/8 + 4*a**3/3 + 3. Let n(h) be the third derivative of w(h). Calculate n(3).
-9
Let j(q) be the first derivative of q**4/4 - q**3/6 + 3*q**2/2 - 1. Let n(p) be the second derivative of j(p). What is n(2)?
11
Let y be (2 + 7/(-3))*0. Let l be (y - 2/(-4))*-12. Let u(n) = n**3 + 5*n**2 - 5*n - 2. Give u(l).
-8
Let v(y) be the third derivative of -1/3*y**3 + 2*y**2 + 0 + 0*y - 1/24*y**4 - 1/60*y**5. Suppose -3*s - 5*u + 0*u - 21 = 0, 4*s + 5*u + 23 = 0. Give v(s).
-4
Let j be ((-2)/5